{"id":3160,"date":"2023-11-20T12:00:50","date_gmt":"2023-11-20T16:00:50","guid":{"rendered":"https:\/\/ccgts.capitaineweb.ca\/?post_type=nouvelles&#038;p=3160"},"modified":"2023-12-03T11:26:58","modified_gmt":"2023-12-03T15:26:58","slug":"journee-nationale-de-la-verite-et-de-la-reconciliation","status":"publish","type":"nouvelles","link":"https:\/\/www.ccgts.ca\/en\/nouvelles\/journee-nationale-de-la-verite-et-de-la-reconciliation\/","title":{"rendered":"Journ\u00e9e nationale de la v\u00e9rit\u00e9 et de la r\u00e9conciliation"},"featured_media":3161,"parent":0,"template":"","class_list":["post-3160","nouvelles","type-nouvelles","status-publish","has-post-thumbnail","hentry"],"_links":{"self":[{"href":"https:\/\/www.ccgts.ca\/en\/wp-json\/wp\/v2\/nouvelles\/3160","targetHints":{"allow":["GET"]}}],"collection":[{"href":"https:\/\/www.ccgts.ca\/en\/wp-json\/wp\/v2\/nouvelles"}],"about":[{"href":"https:\/\/www.ccgts.ca\/en\/wp-json\/wp\/v2\/types\/nouvelles"}],"wp:featuredmedia":[{"embeddable":true,"href":"https:\/\/www.ccgts.ca\/en\/wp-json\/wp\/v2\/media\/3161"}],"wp:attachment":[{"href":"https:\/\/www.ccgts.ca\/en\/wp-json\/wp\/v2\/media?parent=3160"}],"curies":[{"name":"wp","href":"https:\/\/api.w.org\/{rel}","templated":true}]}}

Journée nationale de la vérité et de la réconciliation
